mber?
True
Is 6612143 a composite number?
False
Is 464691 a composite number?
True
Is 4692767 a prime number?
False
Is 4828295 composite?
True
Is 5768317 prime?
True
Is 2228299 prime?
True
Is 17872214 a composite number?
True
Is 83899057 a composite number?
True
Is 40629097 composite?
False
Is 3926089 a prime number?
True
Is 78065698 composite?
True
Is 3359347 a composite number?
False
Is 413213183 a composite number?
False
Is 25589 prime?
True
Is 55571315 a prime number?
False
Is 5210909 prime?
False
Is 222456671 prime?
False
Is 1583609 a composite number?
True
Is 4965083 a prime number?
True
Is 104594171 a composite number?
True
Is 73214669 prime?
False
Is 79914463 composite?
True
Is 3872689 a prime number?
False
Is 15121421 prime?
False
Is 51112043 a composite number?
False
Is 64433 prime?
True
Is 91480819 a prime number?
False
Is 43521515 composite?
True
Is 61891493 prime?
False
Is 3060913 a composite number?
False
Is 15494123 a prime number?
False
Is 4065949127 composite?
False
Is 3171029 composite?
False
Is 155365901 prime?
True
Is 21083 a composite number?
True
Is 258427111 a prime number?
True
Is 52133923 a prime number?
True
Is 7111499 composite?
False
Is 101890687 composite?
False
Is 30804821 a composite number?
False
Is 136243021 a composite number?
False
Is 27954785 composite?
True
Is 321273427 a composite number?
False
Is 28939445 a composite number?
True
Is 42475417 prime?
False
Is 2368181 prime?
True
Is 77281483 a composite number?
False
Is 13017929 prime?
True
Is 195506099 a prime number?
False
Is 11871547 prime?
False
Is 10262809 a composite number?
True
Is 15654539 a composite number?
True
Is 94216169 a composite number?
True
Is 672743 prime?
True
Is 7364093 prime?
False
Is 10484609 prime?
False
Is 547602169 a prime number?
True
Is 10130579 composite?
True
Is 47819339 a composite number?
False
Is 7070369 prime?
False
Is 2160953 a composite number?
False
Is 145573681 composite?
True
Is 3922913 a prime number?
False
Is 52466339 a prime number?
True
Is 131087389 a prime number?
True
Is 25044557 prime?
False
Is 1742969 a prime number?
True
Is 8270201 a composite number?
False
Is 21943787 prime?
False
Is 121695949 a prime number?
False
Is 1696309 a composite number?
True
Is 46422058 a composite number?
True
Is 4471681 a prime number?
True
Is 16764698 a composite number?
True
Is 7033847 prime?
True
Is 21454217 a composite number?
False
Is 473207 a prime number?
False
Is 62929901 prime?
False
Is 279334159 a composite number?
True
Is 12691289 a prime number?
False
Is 331284031 prime?
False
Is 188357 prime?
False
Is 7853921 composite?
False
Is 2262181 a composite number?
True
Is 2097377 composite?
True
Is 626477 a prime number?
True
Is 51412763 composite?
False
Is 3514697 a composite number?
False
Is 9070547 a prime number?
True
Is 2288281 prime?
True
Is 25340083 composite?
False
Is 3117241 composite?
False
Is 2785807 prime?
False
Is 156716491 composite?
False
Is 44308811 a prime number?
False
Is 242393 prime?
True
Is 60509291 a composite number?
True
Is 1009078349 a composite number?
False
Is 5450257 composite?
False
Is 3024311 prime?
True
Is 396755239 a prime number?
False
Is 173476567 a composite number?
True
Is 10457485 a prime number?
False
Is 63722921 prime?
True
Is 34129169 composite?
False
Is 1594517 prime?
True
Is 200533 a prime number?
False
Is 8583919 composite?
False
Is 3045313 composite?
True
Is 2938469 a composite number?
True
Is 45119289 composite?
True
Is 4531889 composite?
True
Is 341590601 composite?
True
Is 8215783 prime?
True
Is 94811 prime?
True
Is 54569803 a composite number?
True
Is 371904965 composite?
True
Is 436958 a composite number?
True
Is 361199 a prime number?
False
Is 510104369 prime?
True
Is 6885281 composite?
True
Is 2799131 composite?
False
Is 2201591 prime?
False
Is 4072361 prime?
False
Is 86178049 composite?
True
Is 14961743 a composite number?
True
Is 13783579 a prime number?
True
Is 82042409 a prime number?
False
Is 54260249 a composite number?
False
Is 6444233 composite?
False
Is 238054813 prime?
True
Is 9775729 composite?
True
Is 2196659 composite?
False
Is 99592651 a prime number?
True
Is 18683083 composite?
True
Is 7929797 prime?
True
Is 36898151 a composite number?
False
Is 57999 a prime number?
False
Is 14835847 a composite number?
True
Is 44622611 prime?
False
Is 931669507 a composite number?
False
Is 755213 a prime number?
True
Is 2025011 a prime number?
False
Is 4088267 a prime number?
True
Is 336159179 prime?
False
Is 22409 composite?
False
Is 15780409 composite?
True
Is 1000709 composite?
True
Is 20477 composite?
False
Is 45628441 a prime number?
True
Is 43097267 composite?
True
Is 2039383 composite?
False
Is 3639499 prime?
True
Is 107683795 composite?
True
Is 943258177 prime?
False
Is 47592665 composite?
True
Is 11739751 composite?
True
Is 2589161 composite?
False
Is 87530999 a prime number?
True
Is 34193207 prime?
True
Is 538963493 a prime number?
True
Is 82050043 composite?
False
Is 7765963 prime?
True
Is 5140015 a composite number?
True
Is 24436847 composite?
True
Is 285488153 prime?
False
Is 1251641 a prime number?
True
Is 12116449 a composite number?
False
Is 935819 composite?
False
Is 9814391 composite?
True
Is 584581 a composite number?
True
Is 10618733 prime?
False
Is 309152189 composite?
False
Is 19727531 a prime number?
False
Is 13818439 a composite number?
False
Is 2554003 prime?
True
Is 37119 a prime number?
False
Is 137031703 composite?
False
Is 362031013 a composite number?
False
Is 3617221 composite?
False
Is 189042071 prime?
True
Is 387291 a prime number?
False
Is 2107098766 a composite number?
True
Is 256916197 prime?
False
Is 65711155 a composite number?
True
Is 16143 a composite number?
True
Is 217249 a prime number?
False
Is 90353333 a composite number?
True
Is 93476717 a prime number?
False
Is 3736721 a composite number?
True
Is 10865237 prime?
True
Is 13711883 a composite number?
True
Is 69627407 prime?
False
Is 7172741 composite?
True
Is 3439091 a composite number?
False
Is 6097007 prime?
False
Is 72121781 prime?
False
Is 89676773 prime?
False
Is 8224411 composite?
True
Is 24048559 prime?
True
Is 105523219 a prime number?
True
Is 616294717 composite?
False
Is 115219991 prime?
True
Is 115452421 composite?
True
Is 43823761 composite?
False
Is 41781329 composite?
False
Is 26843027 prime?
True
Is 1278097 a prime number?
True
Is 207963451 prime?
False
Is 30530909 a prime number?
True
Is 5539753 a prime number?
True
Is 46327409 a prime number?
True
Is 943273 prime?
True
Is 12203299 prime?
True
Is 21079529 composite?
True
Is 53583865 a composite number?
True
Is 264264811 a prime number?
True
Is 493495573 a composite number?
False
Is 985767871 a composite number?
True
Is 11313139 a composite number?
False
Is 55549649 a composite number?
False
Is 120074819 a prime number?
False
Is 17281585 a prime number?
False
Is 268271 a prime number?
True
Is 193583899 a composite number?
True
Is 77382337 a composite number?
False
Is 504566327 prime?
True
Is 40473913 a prime number?
False
Is 3575057 a composite number?
False
Is 1118581 a prime number?
False
Is 10155241 prime?
True
Is 19299965 a composite number?
True
Is 17680889 composite?
False
Is 766775159 a composite number?
False
Is 11083987 composite?
False
Is 4668511 composite?
False
Is 1756021 a composite number?
False
Is 28841311 composite?
True
Is 120819211 prime?
True
Is 202626007 prime?
False
Is 255809627 a prime number?
True
Is 56152774 composite?
True
Is 109671817 a composite number?
False
Is 11708162 composite?
True
Is 24990751 prime?
True
Is 2203889 composite?
False
Is 25200899 a composite number?
True
Is 2147237 composite?
False
Is 9327181 a composite number?
False
Is 8764597 composite?
True
Is 1050150607 a prime number?
False
Is 104395723 composite?
False
Is 32852359 a composite number?
True
Is 28474063 a composite number?
True
Is 47201371 composite?
True
Is 91225229 prime?
False
Is 9592441 a composite number?
True
Is 6043127 prime?
False
Is 674353 a prime number?
False
Is 806751211 a composite number?
True
Is 33728601 composite?
True
Is 547951 prime?
True
Is 441605 a prime number?
False
Is 15395519 composite?
True
Is 151367 prime?
False
Is 39604993 prime?
True
Is 17325883 a composite number?
False
Is 13865419 com